and u.
100
Let l = 377 - 336. Calculate the greatest common factor of 369 and l.
41
Let t(v) = 3557*v - 6074. Let w be t(2). Let a be 1/(76/(-26) - -3). Calculate the greatest common divisor of a and w.
13
Suppose 4*v + 112 = -64. Let m = 56 + v. Let h be 10/(-25) + 42/5. Calculate the highest common factor of h and m.
4
Let g(v) = -6*v**3 + v**2 + 4*v - 4. Let y be g(-4). Let t = 2722 - 2570. Calculate the highest common factor of y and t.
76
Let d = -61 + 116. Let v(t) = -t**2 - 17*t - 30. Let y = -137 - -124. Let f be v(y). What is the greatest common factor of d and f?
11
Let z(m) = -m + 48. Let y be z(-24). What is the greatest common factor of 336 and y?
24
Suppose -17*m = 13*m - 21*m - 6255. What is the greatest common divisor of m and 6811?
139
Suppose 394*o - 918 = 292*o. What is the greatest common divisor of 3447 and o?
9
Let o be (-2 - 0)/((-6)/(-936)*6). Let f = o + 97. Suppose -m - 2*m + f = 0. Calculate the greatest common divisor of 105 and m.
15
Let i(d) = d**3 - d**2 - 2*d + 1. Let v = 35 - 34. Let n be i(v). Let b be n/(1/(-2)*10/70). What is the highest common divisor of 154 and b?
14
Suppose 6*g - 2*n = 4*g - 256, -5*g - n = 628. Let z = -70 - g. Calculate the greatest common divisor of z and 7.
7
Let c be (-10 + -5)*(-3)/(-30)*12. Let k be (-2 - 0 - c) + -33 + 31. What is the greatest common divisor of k and 8?
2
Let a be (-30)/(-9)*(-144)/20. Let t = a - 14. Let k = 41 + t. What is the highest common factor of 24 and k?
3
Let a = -3043 - -3775. Calculate the highest common divisor of a and 48.
12
Suppose 6*m - 248 = -278. Let o be m/(-3) - 5358/(-171). Calculate the highest common divisor of o and 11.
11
Suppose -5*f - 52*u = -48*u - 53, u - 38 = -4*f. Suppose f*i + 168 = 195. What is the highest common factor of i and 2?
1
Suppose -5*o + 4*o + 3 = 0. Suppose -533 = -o*j + 217. Suppose 0 = 9*l - 14*l + j. What is the greatest common divisor of 75 and l?
25
Let y = 497 - 164. Suppose -473 + y = -4*a. Let v = -11 + 46. Calculate the highest common divisor of a and v.
35
Let i(x) = 2*x - 5. Let f be i(9). Let u be (0 - 1) + (-84)/(-7). Let n = f + u. What is the highest common divisor of 16 and n?
8
Let w be 4760/(40/(-5))*(-26)/65. Calculate the highest common divisor of w and 7021.
119
Let k be (-7*(90/175)/(-3))/((-4)/(-550)). Calculate the highest common factor of 885 and k.
15
Suppose 15*c - 19*c = -8. Let s be 1788/150 + (c - (-240)/(-125)). What is the greatest common factor of s and 69?
3
Let i(h) = -31*h**3 + 7*h**2 - 6*h + 14. Let a be i(-4). Calculate the greatest common factor of 22 and a.
22
Suppose -11*h + 1740 + 727 = -745. Let u be 146/(-4)*(-4)/2. What is the greatest common factor of h and u?
73
Let m(r) = -r**3 - r**2 - 2*r - 3. Let h be m(-2). Let x be (6/h)/(108/900). What is the highest common divisor of x and 110?
10
Let m(s) = -s**3 - 5*s**2 + 2*s + 56. Let o be m(0). What is the highest common divisor of o and 896?
56
Let q be 45/(-5)*-1 + 5. Let j = -163 + 330. Suppose 0 = -z + j - q. What is the greatest common divisor of 17 and z?
17
Let z be 8*(0 - -80) + 1 + -2. Suppose -5*w + 66 = -2*d + 29, -2*d = -3*w + 19. What is the greatest common divisor of w and z?
9
Let k = -148 - -218. Suppose 5*v + k = 2*b, -4*v + 66 = 2*b - 7*v. Let j = -5 - -15. Calculate the greatest common factor of j and b.
10
Suppose 12 = 4*b, 10*i - 9*i - 4 = 3*b. Suppose -2*z + i*z = 3564. Calculate the highest common factor of z and 72.
36
Let n be 112*(-1 + 12/8). Let f(v) = -13*v**2 + 14 + v**3 - 7 + 1. Let x be f(13). Calculate the greatest common factor of n and x.
8
Suppose -445*r + 74*r - 16216 = -62220. Calculate the highest common divisor of 1922 and r.
62
Let m be ((-4)/(-10))/((9/(-370))/9). Let i = 239 + m. What is the greatest common factor of 13 and i?
13
Let t be (4 + -4 - 4)/(-3 - -1). Suppose 11*x = t*x + 36. Suppose x*k + 4 = 0, -451 = -5*s + k + 175. Calculate the highest common factor of 50 and s.
25
Suppose 7*k - 40 = -k. Suppose -2*i + 7*i + 5*f = -170, 2*i + 54 = k*f. Let s = i + 40. What is the highest common divisor of s and 2?
2
Let w = -5856 - -18242. Calculate the highest common factor of w and 22.
22
Suppose -5*l - 3 = -4*u + 10, 3*u = 5*l + 16. Let r be 0 - (79/u + (-12)/18). Calculate the highest common divisor of 99 and r.
9
Suppose 52*j = 50*j + 18. Calculate the highest common divisor of 1125 and j.
9
Let f be (3 - 2 - -1 - 506/44)*-2. Let b = -202 + 354. Calculate the highest common divisor of b and f.
19
Let s(c) = -2742*c + 1182. Let u be s(-2). What is the greatest common divisor of u and 132?
66
Let r(f) = 25*f**2 + 26*f + 17. Let g be r(-11). Calculate the highest common divisor of 52 and g.
52
Suppose 0 = -100*v + 111*v - 5203. Calculate the greatest common divisor of 129 and v.
43
Suppose 499*n - 420887 = 622522. Calculate the greatest common divisor of n and 1581.
51
Let n be (16/(-12))/((-8)/18) + 8. Suppose -22*r + n*r + 330 = 0. What is the highest common factor of 48 and r?
6
Let f(q) = -44*q**3 - 6*q**2 - 4*q - 2. Let l be f(-2). Let z = l + -210. What is the greatest common factor of z and 4?
4
Let x = 1640 - 1592. Let w = -16 + 54. Let q = x - w. Calculate the greatest common divisor of 4 and q.
2
Let j(u) = u**2 - 2*u + 43. Let h be j(-9). What is the highest common divisor of 5254 and h?
142
Suppose -3*m + 4*m + 3 = 0, -2*m - 61 = -5*y. Suppose 2*l - 37*l = -4*l - 9207. Calculate the greatest common factor of l and y.
11
Let w = 466 + -241. Suppose -4 + w = k. Calculate the highest common factor of 13 and k.
13
Let o be (-10)/(-55) - (-1140)/22. Suppose -o = -20*n + 7*n. Suppose n*k - 136 = -0*i - 4*i, 136 = 4*i + 2*k. Calculate the highest common factor of 238 and i.
34
Let t(p) = p**3 + 19*p**2 + 21*p + 57. Suppose 258 = -14*n + 6. Let g be t(n). Calculate the highest common divisor of 45 and g.
3
Suppose 306*o = 304*o + 276. Suppose 146*q = o*q + 2560. What is the greatest common divisor of q and 30?
10
Suppose 3*o - 148 = -3*p + 5*p, -5*p + 4*o = 363. Let v = p + 152. Let m = -10878 + 10887. What is the greatest common divisor of v and m?
9
Let j be 4/3 - ((-64)/(-6))/2. Let m be ((-340)/102)/(j/6). Let f be 4/(-14) + (-564)/(-14). Calculate the highest common divisor of f and m.
5
Suppose 0 = 138*k - 1829 + 180 - 1939. What is the highest common factor of 2197 and k?
13
Let r(y) = 32*y + 2228. Let u be r(-14). What is the highest common factor of u and 120?
20
Let p(d) = 54*d + 5376. Let a be p(-30). Calculate the highest common factor of a and 96.
12
Let y(q) = 4*q**2 - 11*q - 3. Let k be y(-2). Suppose -5*n + k = 3*x - 4*x, 3*n = -3*x + 21. What is the highest common divisor of 196 and n?
7
Let d be 5/(72/126 - 6/(-14)). Suppose -2*x + d*m + 115 = 0, 53 = x - 8*m + 4*m. What is the highest common factor of 13 and x?
13
Let g be 5*(-7 - -9 - 1). Suppose z = -g*u + 25, 0 = z - 0*u - 3*u - 57. Calculate the greatest common factor of z and 120.
15
Let x be ((-183)/12)/((-2)/72). Let d = 18768 - 18646. Calculate the highest common factor of x and d.
61
Let h(i) = 60*i**3 - 3*i**2 + 10*i - 11. Let r be h(2). Suppose 0 = -3*w + 5*m + 264, w + 4*w + 4*m = r. Calculate the greatest common divisor of 744 and w.
93
Let r(l) = l + 1 + 3 + 4*l**3 - l**2 - 3*l**2 + 1 + 2*l**2. Let y be r(3). Calculate the greatest common divisor of 56 and y.
14
Suppose 367 + 49 = -13*l. Let b be (1*-5*-5)/((-16)/l). What is the highest common divisor of b and 10?
10
Suppose 2*m - 346 = -5*w, -4*w - 72*m + 302 = -74*m. What is the greatest common factor of w and 14328?
72
Suppose -2458 - 18156 - 4586 = -9*l. Calculate the greatest common factor of 224 and l.
112
Let n(t) = 15*t**2 - 10*t - 8. Let p(g) = 22*g**2 - 15*g - 12. Let h(u) = 8*n(u) - 5*p(u). Let w be h(-1). What is the highest common divisor of 187 and w?
11
Let s be 40*(-1 + 3 + -1). Suppose 115*b + 1946 = 3151 + 2475. What is the greatest common factor of s and b?
8
Suppose -4*c = -8, -120*d + 115*d + 82 = -4*c. What is the greatest common factor of d and 231?
3
Suppose -4*v + 1129 + 773 = 3*y, -3*y - 2391 = -5*v. What is the greatest common factor of 9 and v?
9
Let o = 783 + -784. Let x be (0 - o)/(9/(-23490)*-3). Calculate the greatest common divisor of 29 and x.
29
Let q = -47 - -562. Suppose 0 = 4*i - q - 3177. What is the high